{"id":71168,"date":"2016-03-27T20:07:40","date_gmt":"2016-03-28T00:07:40","guid":{"rendered":"http:\/\/ccma-acmc.ca\/beta\/?page_id=71168"},"modified":"2017-11-21T08:59:54","modified_gmt":"2017-11-21T13:59:54","slug":"t2-legal-and-regulatory-working-group","status":"publish","type":"page","link":"https:\/\/ccma-acmc.ca\/fr\/committees\/t2-legal-and-regulatory-working-group\/","title":{"rendered":"Groupe de travail Juridique et r\u00e9glementaire (LRWG)"},"content":{"rendered":"<section class=\"wpb-content-wrapper\"><p>[vc_row type=&#8221;container&#8221; padding_top=&#8221;&#8221; padding_bottom=&#8221;&#8221;][vc_column][vc_column_text]<\/p>\n<h3>Groupe de travail &#8220;Juridique et R\u00e9glementaire&#8221; (LRWG)<\/h3>\n<p>[\/vc_column_text][\/vc_column][\/vc_row][vc_row type=&#8221;container&#8221; padding_top=&#8221;&#8221; padding_bottom=&#8221;&#8221;][vc_column width=&#8221;2\/3&#8243;][vc_column_text]<strong>Aper<\/strong><strong>\u00e7<\/strong><strong>u<\/strong><\/p>\n<p>Le Groupe de travail juridique et r\u00e9glementaire (LRWG) a \u00e9t\u00e9 mandat\u00e9 pour identifier toutes les questions juridiques et r\u00e9glementaires li\u00e9es \u00e0 la d\u00e9cision du Canada de changer le cycle de r\u00e8glement de titres de trois jours (T+3) \u00e0 deux jours (T+2).<\/p>\n<p>L\u2019initiative canadienne T+2 est coordonn\u00e9e avec celle des \u00c9tats-Unis. La date de mise en \u0153uvre conjointe canado-am\u00e9ricaine est pr\u00e9vue pour le 5 septembre 2017.<\/p>\n<p><strong>Participation<\/strong><\/p>\n<p>Peuvent \u00eatre membres du LRWG les personnes repr\u00e9sentant les entreprises et les organisations ayant un int\u00e9r\u00eat dans l\u2019initiative T+2. Ces entreprises et organismes comprennent le buy-side, les conservateurs de titres, le sell-side, les fournisseurs de services, les services publics de l&#8217;industrie, les organismes d&#8217;autor\u00e8glementation, et les organismes de r\u00e8glementation. Des nouveaux membres peuvent se joindre au LRWG \u00e0 tout moment.<\/p>\n<p><strong>Structure de rapport<\/strong><\/p>\n<p>Le LRWG rel\u00e8ve du Comit\u00e9 directeur T+2 (T2SC) par l&#8217;interm\u00e9diaire du pr\u00e9sident du LRWG.<\/p>\n<p><strong>Responsabilit\u00e9s<\/strong><\/p>\n<p>Le LRWG devra:<\/p>\n<ul>\n<li>identifier, d\u00e9crire et documenter toutes les questions juridiques et r\u00e9glementaires li\u00e9es au passage \u00e0 T+2<\/li>\n<li>obtenir un consensus de l&#8217;industrie sur les solutions propos\u00e9es, les plans d&#8217;action et des \u00e9ch\u00e9anciers pour toutes les questions ouvertes;<\/li>\n<li>attribuer les responsabilit\u00e9s en relation avec les questions soulev\u00e9es;<\/li>\n<li>assurer une communication continue avec le T2SC, et le suivi des probl\u00e8mes jusqu&#8217;\u00e0 la fin; et<\/li>\n<li>fournir des indications suppl\u00e9mentaires, la direction, et le soutien aux questions juridiques et r\u00e9glementaires sur T+2 quand cela sera demand\u00e9 par le T2SC.<\/li>\n<\/ul>\n<p><strong>Gouvernance<\/strong><\/p>\n<p>Les r\u00e9unions seront convoqu\u00e9es par le pr\u00e9sident. Les avis de convocation aux r\u00e9unions et les ordres du jour seront envoy\u00e9s \u00e0 tous les membres du LRWG. Les compte-rendus des r\u00e9unions seront effectu\u00e9s et il sera pris note de la pr\u00e9sence de chacun. Les proc\u00e8s-verbaux seront d\u00e9pos\u00e9s au LRWG pour approbation. Il n&#8217;y a pas de condition de quorum minimum fix\u00e9 pour les r\u00e9unions. Toutes les recommandations seront transmises au T2SC pour approbation finale. Le proc\u00e8s-verbal et les d\u00e9cisions du LRWG peuvent \u00eatre affich\u00e9s sur le site Web de la ACMC.[\/vc_column_text][\/vc_column][vc_column width=&#8221;1\/3&#8243;][vc_column_text css=&#8221;.vc_custom_1497627388330{border-top-width: 0px !important;border-right-width: 0px !important;border-bottom-width: 0px !important;border-left-width: 3px !important;padding-top: 1px !important;padding-right: 18px !important;padding-bottom: 20px !important;padding-left: 18px !important;border-left-color: #d6d6d6 !important;border-left-style: solid !important;border-right-color: #d6d6d6 !important;border-right-style: solid !important;border-top-color: #d6d6d6 !important;border-top-style: solid !important;border-bottom-color: #d6d6d6 !important;border-bottom-style: solid !important;}&#8221;]<strong>Participants<\/strong><\/p>\n<p>Pr\u00e9sident \u2013 <a href=\"http:\/\/ccma-acmc.ca\/en\/jamie-anderson\/\">Jamie Anderson<\/a><br \/>\nMembres \u2013 <a href=\"http:\/\/ccma-acmc.ca\/en\/wp-content\/uploads\/CCMA_Committee_Members-Liste_des_membres_des_comit\u00e9s_de_lACMC.pdf\">Au 5 janvier 2017<\/a><\/p>\n<p><strong>Registre d\u2019enjeux<\/strong><\/p>\n<p><a href=\"http:\/\/ccma-acmc.ca\/en\/wp-content\/uploads\/LRWG-IssueLog-2016-October-23.xls\">2016 &#8211; le 23 octobre<\/a><\/p>\n<p><strong>R\u00e9unions<\/strong><\/p>\n<p><a href=\"http:\/\/ccma-acmc.ca\/en\/wp-content\/uploads\/LRWG-MeetingPackage-2017-June-8.pdf\">2017 &#8211; le 8 juin<\/a><br \/>\n<a href=\"http:\/\/ccma-acmc.ca\/en\/wp-content\/uploads\/LRWG-MeetingPackage-2017-May-11.pdf\">2017 &#8211; le 11 mai<\/a><a href=\"http:\/\/ccma-acmc.ca\/en\/wp-content\/uploads\/LRWG-MeetingPackage-2017-April-13.pdf\"><br \/>\n2017 &#8211; le 13 avril<\/a><a href=\"http:\/\/ccma-acmc.ca\/en\/wp-content\/uploads\/LRWG-MeetingPackage-2017-March-16.pdf\"><br \/>\n2017 &#8211; le 16 mars<br \/>\n<\/a><a href=\"http:\/\/ccma-acmc.ca\/en\/wp-content\/uploads\/LRWG-MeetingPackage-2017-February-16.pdf\">2017 &#8211; le 16 <\/a><a href=\"http:\/\/ccma-acmc.ca\/en\/wp-content\/uploads\/LRWG-MeetingPackage-2016-February-11.pdf\">f\u00e9vrier<\/a><a href=\"http:\/\/ccma-acmc.ca\/en\/wp-content\/uploads\/LRWG-MeetingPackage-2017-January-17.pdf\"><br \/>\n2017 &#8211; le 17 janvier<\/a><a href=\"http:\/\/ccma-acmc.ca\/en\/wp-content\/uploads\/LRWG-MeetingPackage-2016-November-22.pdf\"><br \/>\n2016 &#8211; le 22 novembre<br \/>\n<\/a><a href=\"http:\/\/ccma-acmc.ca\/en\/wp-content\/uploads\/LRWG-MeetingPackage-2016-October-27.pdf\">2016 &#8211; le 27 octobre<\/a><a href=\"http:\/\/ccma-acmc.ca\/en\/wp-content\/uploads\/LRWG-MeetingPackage-2016-September-21.pdf\"><br \/>\n2016 &#8211; le 21 septembre<\/a><a href=\"http:\/\/ccma-acmc.ca\/en\/wp-content\/uploads\/LRWG-MeetingPackage-2016-August-24.pdf\"><br \/>\n2016 &#8211; le 24 ao\u00fbt<\/a><a href=\"http:\/\/ccma-acmc.ca\/en\/wp-content\/uploads\/LRWG-MeetingPackage-2016-July-21-1.pdf\"><br \/>\n2016 &#8211; le 21 juillet<\/a><br \/>\n<a href=\"http:\/\/ccma-acmc.ca\/en\/wp-content\/uploads\/LRWG-MeetingPackage-2016-June-22.pdf\">2016 &#8211; le 22 juin<\/a><a href=\"http:\/\/ccma-acmc.ca\/en\/wp-content\/uploads\/LRWG-MeetingPackage-2016-May-19.pdf\"><br \/>\n2016 &#8211; le 19 mai<\/a><br \/>\n<a href=\"http:\/\/ccma-acmc.ca\/en\/wp-content\/uploads\/LRWG-MeetingPackage-2016-March-4.pdf\">2016 &#8211; le 19 avril<br \/>\n2016 &#8211; le 4 mars<br \/>\n<\/a><a href=\"http:\/\/ccma-acmc.ca\/en\/wp-content\/uploads\/LRWG-MeetingPackage-2016-February-11.pdf\">2016 &#8211; le 11 f\u00e9vrier<\/a><br \/>\n<a href=\"http:\/\/ccma-acmc.ca\/en\/wp-content\/uploads\/LRWG-MeetingPackage-2016-January-28.pdf\">2016 &#8211; le 28 janvier<br \/>\n<\/a><a href=\"http:\/\/ccma-acmc.ca\/en\/wp-content\/uploads\/LRWG-MeetingPackage-2015-January-14.pdf\">2015 &#8211; le 14 janvier<br \/>\n<\/a><a href=\"http:\/\/ccma-acmc.ca\/en\/wp-content\/uploads\/LRWG-MeetingPackage-2015-December-17.pdf\">2015 &#8211; le 17 d\u00e9cembre<\/a><br \/>\n<a href=\"http:\/\/ccma-acmc.ca\/en\/wp-content\/uploads\/LRWG-MeetingPackage-2015-December-3.pdf\">2015 &#8211; le 3 d\u00e9cembre <\/a>[\/vc_column_text][\/vc_column][\/vc_row]<\/p>\n<\/section>","protected":false},"excerpt":{"rendered":"<p>[vc_row type=&#8221;container&#8221; padding_top=&#8221;&#8221; padding_bottom=&#8221;&#8221;][vc_column][vc_column_text] Groupe de travail &#8220;Juridique et R\u00e9glementaire&#8221; (LRWG) [\/vc_column_text][\/vc_column][\/vc_row][vc_row type=&#8221;container&#8221; padding_top=&#8221;&#8221; padding_bottom=&#8221;&#8221;][vc_column width=&#8221;2\/3&#8243;][vc_column_text]Aper\u00e7u Le Groupe de travail juridique et r\u00e9glementaire (LRWG) a \u00e9t\u00e9 mandat\u00e9 pour identifier toutes les questions juridiques et r\u00e9glementaires li\u00e9es \u00e0 la d\u00e9cision du Canada de changer le cycle de r\u00e8glement de titres de trois jours (T+3) \u00e0 deux [&hellip;]<\/p>\n","protected":false},"author":1,"featured_media":0,"parent":73,"menu_order":7,"comment_status":"closed","ping_status":"closed","template":"","meta":{"_acf_changed":false,"footnotes":""},"class_list":["post-71168","page","type-page","status-publish","hentry"],"acf":[],"_links":{"self":[{"href":"https:\/\/ccma-acmc.ca\/fr\/wp-json\/wp\/v2\/pages\/71168","targetHints":{"allow":["GET"]}}],"collection":[{"href":"https:\/\/ccma-acmc.ca\/fr\/wp-json\/wp\/v2\/pages"}],"about":[{"href":"https:\/\/ccma-acmc.ca\/fr\/wp-json\/wp\/v2\/types\/page"}],"author":[{"embeddable":true,"href":"https:\/\/ccma-acmc.ca\/fr\/wp-json\/wp\/v2\/users\/1"}],"replies":[{"embeddable":true,"href":"https:\/\/ccma-acmc.ca\/fr\/wp-json\/wp\/v2\/comments?post=71168"}],"version-history":[{"count":11,"href":"https:\/\/ccma-acmc.ca\/fr\/wp-json\/wp\/v2\/pages\/71168\/revisions"}],"predecessor-version":[{"id":72567,"href":"https:\/\/ccma-acmc.ca\/fr\/wp-json\/wp\/v2\/pages\/71168\/revisions\/72567"}],"up":[{"embeddable":true,"href":"https:\/\/ccma-acmc.ca\/fr\/wp-json\/wp\/v2\/pages\/73"}],"wp:attachment":[{"href":"https:\/\/ccma-acmc.ca\/fr\/wp-json\/wp\/v2\/media?parent=71168"}],"curies":[{"name":"wp","href":"https:\/\/api.w.org\/{rel}","templated":true}]}}

Groupe de travail Juridique et réglementaire (LRWG)

<section class="wpb-content-wrapper"><p>[vc_row type=&#8221;container&#8221; padding_top=&#8221;&#8221; padding_bottom=&#8221;&#8221;][vc_column][vc_column_text]</p>
<h3>Groupe de travail &#8220;Juridique et Réglementaire&#8221; (LRWG)</h3>
<p>[/vc_column_text][/vc_column][/vc_row][vc_row type=&#8221;container&#8221; padding_top=&#8221;&#8221; padding_bottom=&#8221;&#8221;][vc_column width=&#8221;2/3&#8243;][vc_column_text]<strong>Aper</strong><strong>ç</strong><strong>u</strong></p>
<p>Le Groupe de travail juridique et réglementaire (LRWG) a été mandaté pour identifier toutes les questions juridiques et réglementaires liées à la décision du Canada de changer le cycle de règlement de titres de trois jours (T+3) à deux jours (T+2).</p>
<p>L’initiative canadienne T+2 est coordonnée avec celle des États-Unis. La date de mise en œuvre conjointe canado-américaine est prévue pour le 5 septembre 2017.</p>
<p><strong>Participation</strong></p>
<p>Peuvent être membres du LRWG les personnes représentant les entreprises et les organisations ayant un intérêt dans l’initiative T+2. Ces entreprises et organismes comprennent le buy-side, les conservateurs de titres, le sell-side, les fournisseurs de services, les services publics de l&#8217;industrie, les organismes d&#8217;autorèglementation, et les organismes de règlementation. Des nouveaux membres peuvent se joindre au LRWG à tout moment.</p>
<p><strong>Structure de rapport</strong></p>
<p>Le LRWG relève du Comité directeur T+2 (T2SC) par l&#8217;intermédiaire du président du LRWG.</p>
<p><strong>Responsabilités</strong></p>
<p>Le LRWG devra:</p>
<ul>
<li>identifier, décrire et documenter toutes les questions juridiques et réglementaires liées au passage à T+2</li>
<li>obtenir un consensus de l&#8217;industrie sur les solutions proposées, les plans d&#8217;action et des échéanciers pour toutes les questions ouvertes;</li>
<li>attribuer les responsabilités en relation avec les questions soulevées;</li>
<li>assurer une communication continue avec le T2SC, et le suivi des problèmes jusqu&#8217;à la fin; et</li>
<li>fournir des indications supplémentaires, la direction, et le soutien aux questions juridiques et réglementaires sur T+2 quand cela sera demandé par le T2SC.</li>
</ul>
<p><strong>Gouvernance</strong></p>
<p>Les réunions seront convoquées par le président. Les avis de convocation aux réunions et les ordres du jour seront envoyés à tous les membres du LRWG. Les compte-rendus des réunions seront effectués et il sera pris note de la présence de chacun. Les procès-verbaux seront déposés au LRWG pour approbation. Il n&#8217;y a pas de condition de quorum minimum fixé pour les réunions. Toutes les recommandations seront transmises au T2SC pour approbation finale. Le procès-verbal et les décisions du LRWG peuvent être affichés sur le site Web de la ACMC.[/vc_column_text][/vc_column][vc_column width=&#8221;1/3&#8243;][vc_column_text css=&#8221;.vc_custom_1497627388330{border-top-width: 0px !important;border-right-width: 0px !important;border-bottom-width: 0px !important;border-left-width: 3px !important;padding-top: 1px !important;padding-right: 18px !important;padding-bottom: 20px !important;padding-left: 18px !important;border-left-color: #d6d6d6 !important;border-left-style: solid !important;border-right-color: #d6d6d6 !important;border-right-style: solid !important;border-top-color: #d6d6d6 !important;border-top-style: solid !important;border-bottom-color: #d6d6d6 !important;border-bottom-style: solid !important;}&#8221;]<strong>Participants</strong></p>
<p>Président – <a href="http://ccma-acmc.ca/en/jamie-anderson/">Jamie Anderson</a><br />
Membres – <a href="http://ccma-acmc.ca/en/wp-content/uploads/CCMA_Committee_Members-Liste_des_membres_des_comités_de_lACMC.pdf">Au 5 janvier 2017</a></p>
<p><strong>Registre d’enjeux</strong></p>
<p><a href="http://ccma-acmc.ca/en/wp-content/uploads/LRWG-IssueLog-2016-October-23.xls">2016 &#8211; le 23 octobre</a></p>
<p><strong>Réunions</strong></p>
<p><a href="http://ccma-acmc.ca/en/wp-content/uploads/LRWG-MeetingPackage-2017-June-8.pdf">2017 &#8211; le 8 juin</a><br />
<a href="http://ccma-acmc.ca/en/wp-content/uploads/LRWG-MeetingPackage-2017-May-11.pdf">2017 &#8211; le 11 mai</a><a href="http://ccma-acmc.ca/en/wp-content/uploads/LRWG-MeetingPackage-2017-April-13.pdf"><br />
2017 &#8211; le 13 avril</a><a href="http://ccma-acmc.ca/en/wp-content/uploads/LRWG-MeetingPackage-2017-March-16.pdf"><br />
2017 &#8211; le 16 mars<br />
</a><a href="http://ccma-acmc.ca/en/wp-content/uploads/LRWG-MeetingPackage-2017-February-16.pdf">2017 &#8211; le 16 </a><a href="http://ccma-acmc.ca/en/wp-content/uploads/LRWG-MeetingPackage-2016-February-11.pdf">février</a><a href="http://ccma-acmc.ca/en/wp-content/uploads/LRWG-MeetingPackage-2017-January-17.pdf"><br />
2017 &#8211; le 17 janvier</a><a href="http://ccma-acmc.ca/en/wp-content/uploads/LRWG-MeetingPackage-2016-November-22.pdf"><br />
2016 &#8211; le 22 novembre<br />
</a><a href="http://ccma-acmc.ca/en/wp-content/uploads/LRWG-MeetingPackage-2016-October-27.pdf">2016 &#8211; le 27 octobre</a><a href="http://ccma-acmc.ca/en/wp-content/uploads/LRWG-MeetingPackage-2016-September-21.pdf"><br />
2016 &#8211; le 21 septembre</a><a href="http://ccma-acmc.ca/en/wp-content/uploads/LRWG-MeetingPackage-2016-August-24.pdf"><br />
2016 &#8211; le 24 août</a><a href="http://ccma-acmc.ca/en/wp-content/uploads/LRWG-MeetingPackage-2016-July-21-1.pdf"><br />
2016 &#8211; le 21 juillet</a><br />
<a href="http://ccma-acmc.ca/en/wp-content/uploads/LRWG-MeetingPackage-2016-June-22.pdf">2016 &#8211; le 22 juin</a><a href="http://ccma-acmc.ca/en/wp-content/uploads/LRWG-MeetingPackage-2016-May-19.pdf"><br />
2016 &#8211; le 19 mai</a><br />
<a href="http://ccma-acmc.ca/en/wp-content/uploads/LRWG-MeetingPackage-2016-March-4.pdf">2016 &#8211; le 19 avril<br />
2016 &#8211; le 4 mars<br />
</a><a href="http://ccma-acmc.ca/en/wp-content/uploads/LRWG-MeetingPackage-2016-February-11.pdf">2016 &#8211; le 11 février</a><br />
<a href="http://ccma-acmc.ca/en/wp-content/uploads/LRWG-MeetingPackage-2016-January-28.pdf">2016 &#8211; le 28 janvier<br />
</a><a href="http://ccma-acmc.ca/en/wp-content/uploads/LRWG-MeetingPackage-2015-January-14.pdf">2015 &#8211; le 14 janvier<br />
</a><a href="http://ccma-acmc.ca/en/wp-content/uploads/LRWG-MeetingPackage-2015-December-17.pdf">2015 &#8211; le 17 décembre</a><br />
<a href="http://ccma-acmc.ca/en/wp-content/uploads/LRWG-MeetingPackage-2015-December-3.pdf">2015 &#8211; le 3 décembre </a>[/vc_column_text][/vc_column][/vc_row]</p>
</section>

<p>[vc_row type=&#8221;container&#8221; padding_top=&#8221;&#8221; padding_bottom=&#8221;&#8221;][vc_column][vc_column_text] Groupe de travail &#8220;Juridique et Réglementaire&#8221; (LRWG) [/vc_column_text][/vc_column][/vc_row][vc_row type=&#8221;container&#8221; padding_top=&#8221;&#8221; padding_bottom=&#8221;&#8221;][vc_column width=&#8221;2/3&#8243;][vc_column_text]Aperçu Le Groupe de travail juridique et réglementaire (LRWG) a été mandaté pour identifier toutes les questions juridiques et réglementaires liées à la décision du Canada de changer le cycle de règlement de titres de trois jours (T+3) à deux [&hellip;]</p>
